{"id":21,"date":"2024-07-02T07:43:37","date_gmt":"2024-07-02T07:43:37","guid":{"rendered":"https:\/\/equal-sozial.de\/?page_id=21"},"modified":"2026-02-01T12:50:28","modified_gmt":"2026-02-01T12:50:28","slug":"ueber-uns","status":"publish","type":"page","link":"https:\/\/equal-sozial.de\/index.php\/ueber-uns\/","title":{"rendered":"Wegbeschreibung"},"content":{"rendered":"\n<h2 class=\"wp-block-heading\">Anschrift<\/h2>\n\n\n\n<p>Lohbachstra\u00dfe 12, 58239 Schwerte<\/p>\n\n\n\n<figure class=\"wp-block-image size-large\"><img loading=\"lazy\" decoding=\"async\" width=\"1024\" height=\"725\" src=\"https:\/\/equal-sozial.de\/wp-content\/uploads\/2026\/02\/Karte2-1024x725.png\" alt=\"\" class=\"wp-image-130\" srcset=\"https:\/\/equal-sozial.de\/wp-content\/uploads\/2026\/02\/Karte2-1024x725.png 1024w, https:\/\/equal-sozial.de\/wp-content\/uploads\/2026\/02\/Karte2-300x212.png 300w, https:\/\/equal-sozial.de\/wp-content\/uploads\/2026\/02\/Karte2-768x543.png 768w, https:\/\/equal-sozial.de\/wp-content\/uploads\/2026\/02\/Karte2.png 1122w\" sizes=\"auto, (max-width: 1024px) 100vw, 1024px\" \/><figcaption class=\"wp-element-caption\">(Erstellt von VIBeS e.V.)<\/figcaption><\/figure>\n\n\n\n<p>Am Geb\u00e4ude ist ein Parkplatz vorhanden, sowie mehrere Lades\u00e4ulen f\u00fcr E-Autos.<\/p>\n\n\n\n<h2 class=\"wp-block-heading\">\u00d6PNV \/ Bus<\/h2>\n\n\n\n<p><strong>C31 Holzen-Schwerte-Schwerterheide<\/strong><br>Aus Schwerte-Mitte\/Bahnhof die C31 Richtung Schwerte-Ost\/Schwerterheide <br>Haltestelle <strong>&#8222;Hermannstra\u00dfe&#8220;<\/strong><br>Fahrpl\u00e4ne unter: <a href=\"https:\/\/www.google.com\/url?sa=t&amp;source=web&amp;rct=j&amp;opi=89978449&amp;url=https:\/\/www.vku-online.de\/fileadmin\/startseite_vku\/linienfahrplaene\/jedermannlinien\/stadtbus\/c31_holzen_schwerte_bf_schwerte_ost_schwerterheide_linie_ab_07012020.pdf&amp;ved=2ahUKEwjr6KbBt4iHAxUO_7sIHd3dAdcQFnoECBUQAQ&amp;usg=AOvVaw0O42y40MWRUob0vLZvt6al\">https:\/\/www.vku-online.de\/fileadmin\/startseite_vku\/linienfahrplaene\/jedermannlinien\/stadtbus\/c31_holzen_schwerte_bf_schwerte_ost_schwerterheide_linie_ab_07012020.pdf<\/a><\/p>\n\n\n\n<p><strong>R30 Schwerte-Geisecke-Kalthof-Iserlohn <\/strong><br>Fahrplan: <a href=\"https:\/\/cms.static-bahn.de\/wmedia\/dbregiobus-nrw\/kursbuch\/BRS_R30_2023.pdf\">https:\/\/cms.static-bahn.de\/wmedia\/dbregiobus-nrw\/kursbuch\/BRS_R30_2023.pdf<\/a><strong><br>R50 Schwerte-Geisecke-Lichtendorf-S\u00f6lderholz-Hengsen<\/strong> <br>Haltestelle <strong>&#8222;Sch\u00fctzenstra\u00dfe&#8220; <\/strong>(NICHT &#8222;Sch\u00fctzenstra\u00dfe\/Krankenhaus&#8220;)<br>Fahrplan: <a href=\"https:\/\/cms.static-bahn.de\/wmedia\/dbregiobus-nrw\/kursbuch\/BRS_R50_9_1_2022.pdf\">https:\/\/cms.static-bahn.de\/wmedia\/dbregiobus-nrw\/kursbuch\/BRS_R50_9_1_2022.pdf<\/a><\/p>\n\n\n\n<hr class=\"wp-block-separator has-alpha-channel-opacity is-style-wide\"\/>\n\n\n\n<h2 class=\"wp-block-heading\">Im Technologiezentrum<\/h2>\n\n\n\n<p>Sie finden uns im 2. OG<\/p>\n\n\n\n<figure class=\"wp-block-image size-large\"><img loading=\"lazy\" decoding=\"async\" width=\"1024\" height=\"725\" src=\"https:\/\/equal-sozial.de\/wp-content\/uploads\/2026\/02\/2-Obergeschoss-1024x725.jpg\" alt=\"\" class=\"wp-image-127\" title=\"\" srcset=\"https:\/\/equal-sozial.de\/wp-content\/uploads\/2026\/02\/2-Obergeschoss-1024x725.jpg 1024w, https:\/\/equal-sozial.de\/wp-content\/uploads\/2026\/02\/2-Obergeschoss-300x212.jpg 300w, https:\/\/equal-sozial.de\/wp-content\/uploads\/2026\/02\/2-Obergeschoss-768x544.jpg 768w, https:\/\/equal-sozial.de\/wp-content\/uploads\/2026\/02\/2-Obergeschoss.jpg 1223w\" sizes=\"auto, (max-width: 1024px) 100vw, 1024px\" \/><figcaption class=\"wp-element-caption\">(Quelle: tws-schwerte.de \/ Mit freundlicher Genehmigung der TechnoPark und Wirtschaftsf\u00f6rderung Schwerte GmbH &#8211; Herr Ewald)<\/figcaption><\/figure>\n","protected":false},"excerpt":{"rendered":"<p>Anschrift Lohbachstra\u00dfe 12, 58239 Schwerte Am Geb\u00e4ude ist ein Parkplatz vorhanden, sowie mehrere Lades\u00e4ulen f\u00fcr E-Autos. \u00d6PNV \/ Bus C31 Holzen-Schwerte-SchwerterheideAus Schwerte-Mitte\/Bahnhof die C31 Richtung Schwerte-Ost\/Schwerterheide Haltestelle &#8222;Hermannstra\u00dfe&#8220;Fahrpl\u00e4ne unter: https:\/\/www.vku-online.de\/fileadmin\/startseite_vku\/linienfahrplaene\/jedermannlinien\/stadtbus\/c31_holzen_schwerte_bf_schwerte_ost_schwerterheide_linie_ab_07012020.pdf R30 Schwerte-Geisecke-Kalthof-Iserlohn Fahrplan: https:\/\/cms.static-bahn.de\/wmedia\/dbregiobus-nrw\/kursbuch\/BRS_R30_2023.pdfR50 Schwerte-Geisecke-Lichtendorf-S\u00f6lderholz-Hengsen Haltestelle &#8222;Sch\u00fctzenstra\u00dfe&#8220; (NICHT &#8222;Sch\u00fctzenstra\u00dfe\/Krankenhaus&#8220;)Fahrplan: https:\/\/cms.static-bahn.de\/wmedia\/dbregiobus-nrw\/kursbuch\/BRS_R50_9_1_2022.pdf Im Technologiezentrum Sie finden uns im 2. OG<\/p>\n","protected":false},"author":1,"featured_media":0,"parent":0,"menu_order":0,"comment_status":"closed","ping_status":"closed","template":"","meta":{"footnotes":""},"class_list":["post-21","page","type-page","status-publish","hentry","entry"],"_links":{"self":[{"href":"https:\/\/equal-sozial.de\/index.php\/wp-json\/wp\/v2\/pages\/21","targetHints":{"allow":["GET"]}}],"collection":[{"href":"https:\/\/equal-sozial.de\/index.php\/wp-json\/wp\/v2\/pages"}],"about":[{"href":"https:\/\/equal-sozial.de\/index.php\/wp-json\/wp\/v2\/types\/page"}],"author":[{"embeddable":true,"href":"https:\/\/equal-sozial.de\/index.php\/wp-json\/wp\/v2\/users\/1"}],"replies":[{"embeddable":true,"href":"https:\/\/equal-sozial.de\/index.php\/wp-json\/wp\/v2\/comments?post=21"}],"version-history":[{"count":11,"href":"https:\/\/equal-sozial.de\/index.php\/wp-json\/wp\/v2\/pages\/21\/revisions"}],"predecessor-version":[{"id":131,"href":"https:\/\/equal-sozial.de\/index.php\/wp-json\/wp\/v2\/pages\/21\/revisions\/131"}],"wp:attachment":[{"href":"https:\/\/equal-sozial.de\/index.php\/wp-json\/wp\/v2\/media?parent=21"}],"curies":[{"name":"wp","href":"https:\/\/api.w.org\/{rel}","templated":true}]}}

<h2 class="wp-block-heading">Anschrift</h2>



<p>Lohbachstraße 12, 58239 Schwerte</p>



<figure class="wp-block-image size-large"><img loading="lazy" decoding="async" width="1024" height="725" src="https://equal-sozial.de/wp-content/uploads/2026/02/Karte2-1024x725.png" alt="" class="wp-image-130" srcset="https://equal-sozial.de/wp-content/uploads/2026/02/Karte2-1024x725.png 1024w, https://equal-sozial.de/wp-content/uploads/2026/02/Karte2-300x212.png 300w, https://equal-sozial.de/wp-content/uploads/2026/02/Karte2-768x543.png 768w, https://equal-sozial.de/wp-content/uploads/2026/02/Karte2.png 1122w" sizes="auto, (max-width: 1024px) 100vw, 1024px" /><figcaption class="wp-element-caption">(Erstellt von VIBeS e.V.)</figcaption></figure>



<p>Am Gebäude ist ein Parkplatz vorhanden, sowie mehrere Ladesäulen für E-Autos.</p>



<h2 class="wp-block-heading">ÖPNV / Bus</h2>



<p><strong>C31 Holzen-Schwerte-Schwerterheide</strong><br>Aus Schwerte-Mitte/Bahnhof die C31 Richtung Schwerte-Ost/Schwerterheide <br>Haltestelle <strong>&#8222;Hermannstraße&#8220;</strong><br>Fahrpläne unter: <a href="https://www.google.com/url?sa=t&amp;source=web&amp;rct=j&amp;opi=89978449&amp;url=https://www.vku-online.de/fileadmin/startseite_vku/linienfahrplaene/jedermannlinien/stadtbus/c31_holzen_schwerte_bf_schwerte_ost_schwerterheide_linie_ab_07012020.pdf&amp;ved=2ahUKEwjr6KbBt4iHAxUO_7sIHd3dAdcQFnoECBUQAQ&amp;usg=AOvVaw0O42y40MWRUob0vLZvt6al">https://www.vku-online.de/fileadmin/startseite_vku/linienfahrplaene/jedermannlinien/stadtbus/c31_holzen_schwerte_bf_schwerte_ost_schwerterheide_linie_ab_07012020.pdf</a></p>



<p><strong>R30 Schwerte-Geisecke-Kalthof-Iserlohn </strong><br>Fahrplan: <a href="https://cms.static-bahn.de/wmedia/dbregiobus-nrw/kursbuch/BRS_R30_2023.pdf">https://cms.static-bahn.de/wmedia/dbregiobus-nrw/kursbuch/BRS_R30_2023.pdf</a><strong><br>R50 Schwerte-Geisecke-Lichtendorf-Sölderholz-Hengsen</strong> <br>Haltestelle <strong>&#8222;Schützenstraße&#8220; </strong>(NICHT &#8222;Schützenstraße/Krankenhaus&#8220;)<br>Fahrplan: <a href="https://cms.static-bahn.de/wmedia/dbregiobus-nrw/kursbuch/BRS_R50_9_1_2022.pdf">https://cms.static-bahn.de/wmedia/dbregiobus-nrw/kursbuch/BRS_R50_9_1_2022.pdf</a></p>



<hr class="wp-block-separator has-alpha-channel-opacity is-style-wide"/>



<h2 class="wp-block-heading">Im Technologiezentrum</h2>



<p>Sie finden uns im 2. OG</p>



<figure class="wp-block-image size-large"><img loading="lazy" decoding="async" width="1024" height="725" src="https://equal-sozial.de/wp-content/uploads/2026/02/2-Obergeschoss-1024x725.jpg" alt="" class="wp-image-127" title="" srcset="https://equal-sozial.de/wp-content/uploads/2026/02/2-Obergeschoss-1024x725.jpg 1024w, https://equal-sozial.de/wp-content/uploads/2026/02/2-Obergeschoss-300x212.jpg 300w, https://equal-sozial.de/wp-content/uploads/2026/02/2-Obergeschoss-768x544.jpg 768w, https://equal-sozial.de/wp-content/uploads/2026/02/2-Obergeschoss.jpg 1223w" sizes="auto, (max-width: 1024px) 100vw, 1024px" /><figcaption class="wp-element-caption">(Quelle: tws-schwerte.de / Mit freundlicher Genehmigung der TechnoPark und Wirtschaftsförderung Schwerte GmbH &#8211; Herr Ewald)</figcaption></figure>

<p>Anschrift Lohbachstraße 12, 58239 Schwerte Am Gebäude ist ein Parkplatz vorhanden, sowie mehrere Ladesäulen für E-Autos. ÖPNV / Bus C31 Holzen-Schwerte-SchwerterheideAus Schwerte-Mitte/Bahnhof die C31 Richtung Schwerte-Ost/Schwerterheide Haltestelle &#8222;Hermannstraße&#8220;Fahrpläne unter: https://www.vku-online.de/fileadmin/startseite_vku/linienfahrplaene/jedermannlinien/stadtbus/c31_holzen_schwerte_bf_schwerte_ost_schwerterheide_linie_ab_07012020.pdf R30 Schwerte-Geisecke-Kalthof-Iserlohn Fahrplan: https://cms.static-bahn.de/wmedia/dbregiobus-nrw/kursbuch/BRS_R30_2023.pdfR50 Schwerte-Geisecke-Lichtendorf-Sölderholz-Hengsen Haltestelle &#8222;Schützenstraße&#8220; (NICHT &#8222;Schützenstraße/Krankenhaus&#8220;)Fahrplan: https://cms.static-bahn.de/wmedia/dbregiobus-nrw/kursbuch/BRS_R50_9_1_2022.pdf Im Technologiezentrum Sie finden uns im 2. OG</p>
